alculate the remainder when v is divided by 5.
3
Let a = 16 - -12. Calculate the remainder when a is divided by 15.
13
Let m = 319 + -216. Let w = m + -70. What is the remainder when w is divided by 9?
6
Let w = 242 + -164. What is the remainder when w is divided by (-10 - -3 - 1)*-2?
14
Let y be (-1)/3 - (-182)/6. Let l = -11 + y. What is the remainder when l is divided by 10?
9
Suppose 4*a - 135 = -a. Suppose -2*q = q - a. Suppose -3*i + 3*l = 2*i - 77, i + 4*l - 20 = 0. Calculate the remainder when i is divided by q.
7
Suppose 13 = -4*w - 95. Let g be (1 + -7)/(1/9). Let o = w - g. Calculate the remainder when o is divided by 14.
13
Suppose 2*m = 6*m - 2*d - 64, -2*m = 3*d - 24. What is the remainder when 223 is divided by m?
13
Let l = 5 + 16. Calculate the remainder when 39 is divided by l.
18
Let m(i) = 8*i - 4. Let o = -18 + 17. Let h(v) = -7*v**3 + v + 1. Calculate the remainder when m(3) is divided by h(o).
6
Suppose 3*b = -58 + 223. Let s(o) = 18*o**2 + 1. Calculate the remainder when b is divided by s(-1).
17
Suppose -3*q + q - 2*v = -12, 0 = -q - 4*v + 15. Suppose -267 - q = -3*s. Calculate the remainder when s is divided by 23.
21
Suppose 23 + 87 = 5*q - 5*o, -4*o + 12 = 0. What is the remainder when q is divided by 18 + -22 + (0 - -11)?
4
Suppose -4*w - w = -50. Suppose 6 + 2 = 2*h. Calculate the remainder when w is divided by 27/(-6)*h/(-3).
4
Let z(k) = k**3 - 3*k**2 - 9. Let n be z(5). Suppose -2*g = -n + 11. What is the remainder when 27 is divided by g?
12
Calculate the remainder when (2/(-4))/((-1)/94) is divided by 24.
23
What is the remainder when 13 is divided by (2/(-4))/((-8)/112)?
6
Suppose 0 = 3*u + 2*x + 39 - 9, 2*u + 30 = 2*x. Let f = u - -18. What is the remainder when 16 is divided by f?
4
Let u = 5 - 3. What is the remainder when 3 is divided by u?
1
Suppose -5*j + 2 = -4*t, 2*j + 1 + 1 = 3*t. What is the remainder when 2 is divided by t?
0
Suppose -3 = x, 4*x = -2*h - 2*h + 52. Let n(r) = r**3 - 2*r**2 + 3*r + 3. Calculate the remainder when n(4) is divided by h.
15
Let u(k) = -3*k - 44. Calculate the remainder when u(-16) is divided by (-1)/((4/6)/(-2)).
1
Let r = -4 - -18. Let k = 0 + r. Let t = 4 + k. Calculate the remainder when t is divided by 10.
8
Let t = 10 - 3. Let w = 22 - 4. What is the remainder when w is divided by t?
4
Suppose -4*g + 3*d + 115 = 0, 5*g + 2*d + 77 - 192 = 0. What is the remainder when g is divided by 7?
4
Let k(m) = m**3 - 4*m**2 + 1. Suppose 12 + 3 = 5*q. What is the remainder when q is divided by k(4)?
0
Let r(y) be the first derivative of -5/2*y**2 + 3 + 0*y. What is the remainder when r(-5) is divided by 13?
12
Suppose 10*w - 39 = 7*w. Calculate the remainder when 23 is divided by w.
10
Suppose 4*k + 4*g = 124, 8*g = 5*k + 3*g - 135. What is the remainder when k is divided by 8?
5
Let j be 5/(-10) + 29/2. Let g = j + -9. What is the remainder when 6 is divided by -2*g/(10/(-4))?
2
Calculate the remainder when 43 is divided by ((-12)/(-8))/(4/40).
13
Let t = 45 + -31. Calculate the remainder when 54 is divided by t.
12
Calculate the remainder when -4 - -4*(-124)/(-8) is divided by 6/(-30) - (-101)/5.
18
Suppose 10 + 2 = 3*j. Let p be j/(-6)*(-45)/10. Calculate the remainder when 14 + p/((-9)/(-6)) is divided by 6.
4
Let v be ((-15)/(-20))/(2/8). Suppose m = v*m - 3*b + 8, -4*b = -5*m - 6. What is the remainder when 5 is divided by m?
1
Let m = 12 - 14. Let l(t) = -18*t**3 + t**2 + t. What is the remainder when l(-1) is divided by (-203)/(-21) - m/6?
8
Calculate the remainder when (-18)/(-45)*545*1 is divided by 17.
14
Let i(c) = -2*c - 2. Let d be i(-2). Suppose 0 = 4*o - d*u - 49 - 17, -2*u = -3*o + 47. Suppose -4*s = -17 - 23. Calculate the remainder when o is divided by s.
9
Suppose 3*j = s - 5, 0 = -5*j + 2*s + s - 15. Suppose -4*x + 28 = -j. Calculate the remainder when 9 is divided by -2*(1 - x/2).
4
Let n(l) = -l**2 + 7*l - 2. Let a be n(7). Let q be a/3*(-54)/12. Suppose 0 = q*f - 86 + 11. What is the remainder when f is divided by 9?
7
Suppose 0 = -10*r + 14*r - 64. Calculate the remainder when 60 is divided by r.
12
Let g(q) = q**3 - q**2 - 5*q. Let j be g(4). Let p = -20 + j. Calculate the remainder when 31 is divided by p.
7
Suppose 0 = -0*s - 5*s - 195. Let i = 63 + s. Calculate the remainder when i is divided by 13.
11
Suppose -4 = 4*r + 8. Let c = 9 + r. Let b(h) = -h**2 - h + 17. Calculate the remainder when b(0) is divided by c.
5
Suppose -5*p - z + 12 = 0, -21 = -4*p + 2*z + z. Suppose 6 + 0 = p*o. What is the remainder when 0/(-2) + -1 - -4 is divided by o?
1
Let q(x) = x + 6. Let t be q(8). What is the remainder when 676/t - (-6)/(-21) is divided by 17?
14
Suppose -8*b + 33 - 1 = 0. What is the remainder when 11 is divided by b?
3
Let w(d) be the third derivative of -5*d**4/12 - d**3 - 3*d**2. What is the remainder when w(-4) is divided by 12?
10
What is the remainder when 114 is divided by -116*(-5)/20*1?
27
Suppose -15 = -4*n + 21. What is the remainder when 24 is divided by n?
6
Suppose -2*o + 5 = -o. Let g be 2 + 0 + (0 - -2). Suppose o*z - 15 = -2*m + g*z, 4*m + z = 25. What is the remainder when m is divided by 2?
1
Let f = -292 - -592. Calculate the remainder when f is divided by 43.
42
What is the remainder when -5 - -5 - 8/(-2) is divided by 4?
0
What is the remainder when (-6)/(-24) + (-151)/(-4) is divided by 20?
18
Let o(n) = -n**2 + 18*n - 35. Suppose -83 = -3*r + 40. What is the remainder when r is divided by o(14)?
20
Let t = 108 + -76. Suppose -3*u = -u - t. Let w = 34 + -4. Calculate the remainder when w is divided by u.
14
Suppose 3*k - 2*n - 65 = -22, 5*k - 93 = -2*n. What is the remainder when 84 is divided by k?
16
Let z(s) = s**2 + 2*s - 1. Suppose 7*j - 5*l - 29 = 3*j, -l = -4*j + 25. Calculate the remainder when j is divided by z(-3).
0
Let w = 19 - 12. Let l = 9 - w. Calculate the remainder when ((-8)/10)/(2/(-5)) is divided by l.
0
Suppose 0 = q + 4*q - 95. Suppose 3*t = -j - 0*t + q, 2*j = t + 10. Calculate the remainder when j is divided by 3.
1
What is the remainder when (-14)/(-6) + -2 + (-771)/(-9) is divided by 11?
9
Suppose -4*s + 0*s + 36 = 4*o, -2*o + 23 = 3*s. Calculate the remainder when 18 is divided by o.
2
Suppose 5*z - 3*z - 3*y = 25, 4*z + 5*y - 61 = 0. Calculate the remainder when z is divided by 8.
6
Calculate the remainder when (-664)/(-10) + (-12)/30 is divided by 17.
15
Suppose -6 = -4*k + 34. Suppose m + 0*m - k = 0. What is the remainder when 18 is divided by m?
8
Suppose -4*z = -62 - 14. Calculate the remainder when z is divided by 7.
5
Let i be (-68)/((9/(-10))/9). What is the remainder when (-2)/10 - i/(-25) is divided by 10?
7
Let w(n) be the first derivative of n**3/2 - 3*n**2 + 2*n - 1. Let r(u) be the first derivative of w(u). Calculate the remainder when r(5) is divided by 5.
4
Let x(l) = 3*l**3 + 1. Let c be x(1). Let d = -2 + c. Let p(o) = 5*o**2 - 3*o. Calculate the remainder when p(d) is divided by 5.
4
Let i = 39 - 55. Let x = -6 - i. Calculate the remainder when 3 + -4 + x/2 is divided by 3.
1
Suppose -4*g = -12 - 0. Suppose 0 = -3*n + 5*n - 30. Calculate the remainder when 28 is divided by g*n*(-2)/(-9).
8
Let w be (-5)/((-10)/36) - 2. Suppose 0*l + w = 2*l. What is the remainder when 15 is divided by l?
7
Let g = 14 - -1. Suppose -2*q + 6 = 2*h - 2, 0 = -4*q - 5*h + 20. Suppose -l + 16 + 12 = q. Calculate the remainder when l is divided by g.
13
What is the remainder when 2/(-4) + (-41)/(-2) is divided by 94/14 - (-4)/14?
6
Suppose -a - 183 = -4*a. Suppose 4*d - 31 = a. Suppose -4*t + 104 + 64 = -3*n, -t + 33 = -3*n. Calculate the remainder when t is divided by d.
22
Let u = 4 + -9. Let c(f) = f**2 + f - 3. Let i(q) = -q**2 + 11*q + 2. Calculate the remainder when i(5) is divided by c(u).
15
Let p(z) be the second derivative of -z**4/12 + 21*z**2 + z. Let d be (-2)/4 + (-6)/(-12). What is the remainder when p(d) is divided by 22?
20
Let q = 52 - 44. Let n(t) = -t**2 + 11*t. What is the remainder when n(5) is divided by q?
6
Suppose 4*d - 5*s - 110 - 90 = 0, -4*s + 100 = 2*d. What is the remainder when d is divided by 27?
23
Let l(z) = z**2 + 24*z + 11. Calculate the remainder when 32 is divided by l(-24).
10
Let a(k) be the second derivative of -k**3 - k**2 + 20*k. Suppose -5*n + 3*o = 21, 